477921 a prime number?
True
Is 122947553 prime?
False
Is 119449543 a composite number?
True
Is 32205017959 prime?
True
Is 42786866 prime?
False
Is 69193915099 a prime number?
True
Is 2790782902 composite?
True
Is 2782123867 prime?
True
Is 110900957 composite?
True
Is 86048995817 a prime number?
True
Is 112277141 composite?
False
Is 623157637 a composite number?
False
Is 24554726099 prime?
True
Is 530932691 a composite number?
True
Is 4195823077 prime?
True
Is 20983537603 prime?
False
Is 364139579 a prime number?
False
Is 8970422693 a prime number?
True
Is 382072949 prime?
True
Is 170633027 a composite number?
False
Is 49509698129 a composite number?
False
Is 2490138083 prime?
True
Is 48632762837 a prime number?
True
Is 38236297117 a prime number?
False
Is 1643180501 a prime number?
False
Is 25419609651 a prime number?
False
Is 18569220533 prime?
False
Is 2407231207 a composite number?
False
Is 69543733607 a prime number?
False
Is 5558116621 a prime number?
False
Is 14779499803 composite?
False
Is 23141229079 composite?
False
Is 42172789007 a prime number?
True
Is 3939047213 a prime number?
True
Is 670220057 a composite number?
True
Is 1644722813 prime?
True
Is 22086892727 prime?
False
Is 2851347353 a prime number?
False
Is 6410381639 composite?
False
Is 2682979379 a composite number?
True
Is 6070874969 composite?
True
Is 1844176927 a composite number?
True
Is 29528193 a composite number?
True
Is 110956685113 a composite number?
False
Is 2584665619 a composite number?
True
Is 10437797065 a composite number?
True
Is 52998043771 a composite number?
False
Is 540739889 a composite number?
True
Is 67226353771 a prime number?
True
Is 22812467563 composite?
False
Is 489020717 a prime number?
False
Is 34808976667 a prime number?
False
Is 1578038881 a prime number?
False
Is 17358101 prime?
True
Is 2959574377 composite?
True
Is 6750664211 a composite number?
False
Is 1427661001 composite?
True
Is 140667632491 a composite number?
False
Is 14761217813 a composite number?
False
Is 1413514658 prime?
False
Is 7611541331 prime?
True
Is 10386192917 a prime number?
True
Is 15747341101 prime?
False
Is 590085857 prime?
True
Is 12070784473 a composite number?
True
Is 655261219 a prime number?
False
Is 2539598777 composite?
False
Is 138290137 composite?
False
Is 688320553 a composite number?
True
Is 652014997 a prime number?
False
Is 1002546827 a composite number?
False
Is 110070218431 composite?
False
Is 1450852001 a composite number?
False
Is 4842162901 prime?
False
Is 5517865901 a composite number?
True
Is 4772111827 prime?
False
Is 8303745841 composite?
True
Is 197583487 a composite number?
False
Is 3659520301 composite?
True
Is 3750781477 prime?
True
Is 227631281941 a composite number?
True
Is 3843380903 prime?
False
Is 22389863407 prime?
True
Is 5454797785 prime?
False
Is 1503009265 prime?
False
Is 51324645023 a prime number?
False
Is 280924487 a composite number?
False
Is 4744707193 a prime number?
True
Is 8548562831 composite?
False
Is 2225977877 a prime number?
False
Is 3627917533 composite?
False
Is 105937072897 a composite number?
False
Is 12551309659 prime?
False
Is 45118314193 a prime number?
False
Is 3756857999 composite?
True
Is 5030061823 a composite number?
False
Is 1632497357 a composite number?
False
Is 182077607 a prime number?
True
Is 64997327 composite?
True
Is 6027054907 composite?
True
Is 2679638327 composite?
False
Is 10708897361 prime?
True
Is 346901308163 a prime number?
True
Is 23533245829 prime?
False
Is 40176926609 prime?
True
Is 996959771 composite?
True
Is 8261409953 prime?
False
Is 44924563 prime?
False
Is 11950207933 composite?
False
Is 5526682649 prime?
True
Is 19915215799 a prime number?
False
Is 449583097 prime?
True
Is 33434809621 prime?
False
Is 21016890911 a composite number?
True
Is 574808011 a composite number?
False
Is 1818480494 a prime number?
False
Is 10128971657 a prime number?
False
Is 10918507679 prime?
True
Is 453810389 composite?
False
Is 573807757 composite?
False
Is 9227839273 composite?
False
Is 133593927419 prime?
False
Is 860597971 composite?
False
Is 21786614593 a composite number?
False
Is 431683657 a prime number?
True
Is 1039690297 composite?
True
Is 583673023 composite?
True
Is 13093703401 a prime number?
False
Is 755350213 prime?
False
Is 2428274571 a composite number?
True
Is 577913279 a composite number?
False
Is 3855755681 composite?
True
Is 14998425997 prime?
True
Is 47578949027 a composite number?
True
Is 9573307213 a composite number?
True
Is 374130962683 a composite number?
False
Is 82919168879 a prime number?
True
Is 63879194389 prime?
False
Is 3833839601 prime?
True
Is 884548079 prime?
False
Is 678369719 composite?
True
Is 22269983 prime?
False
Is 2110486141 a composite number?
True
Is 162104119323 a prime number?
False
Is 56752383293 composite?
False
Is 16187954677 a prime number?
True
Is 2912808047 a prime number?
False
Is 79473623 a composite number?
True
Is 78588001 prime?
True
Is 23961176077 a prime number?
False
Is 2186877223 a composite number?
True
Is 21337070009 a prime number?
True
Is 15630758049 composite?
True
Is 199696383521 prime?
False
Is 78809018371 a prime number?
True
Is 10677281291 prime?
True
Is 1129415881 a composite number?
True
Is 165927184201 prime?
True
Is 2255760881 composite?
True
Is 34759094681 a composite number?
False
Is 2402018387 composite?
True
Is 4630340027 a composite number?
False
Is 80439994927 a composite number?
False
Is 5526455131 a composite number?
False
Is 6998569 prime?
False
Is 418299431 prime?
False
Is 63071362811 a prime number?
True
Is 746510159 a composite number?
False
Is 8798342951 prime?
True
Is 7123279219 a prime number?
False
Is 5526212077 prime?
True
Is 141917758891 a prime number?
True
Is 907740437 a composite number?
False
Is 3040921313 a prime number?
False
Is 1860635233 a prime number?
True
Is 13780236831 a composite number?
True
Is 20960191711 a prime number?
True
Is 412928591 composite?
True
Is 1368968933 a prime number?
False
Is 12275807419 composite?
False
Is 390127861 prime?
True
Is 28131053 a composite number?
True
Is 3528500629 a composite number?
False
Is 705436685 prime?
False
Is 572249749299 a composite number?
True
Is 75220042427 a prime number?
True
Is 8024392603 prime?
True
Is 11293075777 composite?
True
Is 7039327969 composite?
False
Is 240253267 prime?
True
Is 19424224207 composite?
True
Is 512297089 a composite number?
True
Is 14442984571 a composite number?
True
Is 16256539423 a prime number?
False
Is 3232602199 composite?
True
Is 31616884891 composite?
True
Is 2210517107 a composite number?
False
Is 26163592519 composite?
False
Is 13473445129 a prime number?
False
Is 53741637931 a prime number?
True
Is 1247770247 a prime number?
False
Is 5612422 prime?
False
Is 4305494797 composite?
True
Is 156255367 a composite number?
False
Is 12267544514 composite?
True
Is 3731790221 a composite number?
False
Is 246884033 composite?
True
Is 8097145853 a composite number?
True
Is 24184594807 composite?
False
Is 1055770661 prime?
False
Is 614254271 prime?
True
Is 85878283 prime?
True
Is 27108073489 prime?
False
Is 66732199277 prime?
False
Is 45426042437 a prime number?
False
Is 67579265557 composite?
False
Is 2295410269 a prime number?
False
Is 202494419 a prime number?
False
Is 2637019079 a composite number?
True
Is 737343421 composite?
False
Is 325420067 a prime number?
False
Is 871206073 a prime number?
False
Is 1577213791 a prime number?
True
Is 1141161547 a prime number?
True
Is 1063655053 composite?
True
Is 111699451 a composite number?
False
Is 1409444021 prime?
False
Is 781204063 a composite number?
False
Is 6873456577 a composite number?
True
Is 56961726103 prime?
True
Is 1220457377 a prime number?
True
Is 4222922173 a composite number?
False
Is 431561329 a prime number?
False
Is 1006220029 a composite number?
False
Is 94376897351 a composite number?
True
Is 53021709922 a composite number?
True
Is 2410357073 composite?
True
Is 18449812861 composite?
True
Is 10275302 prime?
False
Is 47409462799 composite?
False
Is 259439689 a composite number?
False
Is 709962727 prime?
False
Is 346329293 a composite number?
True
Is 61752615289 composite?
False
Is 707676539 composite?
False
Is 17192723057 a prime number?
True
Is 556450126 a 